394?
174
Calculate the greatest common divisor of 21584 and 38198.
142
Calculate the greatest common divisor of 3692 and 3834.
142
Calculate the greatest common divisor of 138300 and 270.
30
What is the highest common divisor of 1266713 and 7?
7
What is the greatest common divisor of 1159 and 20374?
61
What is the greatest common factor of 893192 and 104?
8
Calculate the greatest common divisor of 679939 and 193.
193
What is the highest common factor of 5805 and 2795?
215
What is the highest common factor of 36414 and 1377?
153
What is the highest common divisor of 29216 and 3071?
83
Calculate the highest common factor of 558 and 38874.
186
Calculate the greatest common divisor of 342589 and 247.
247
Calculate the greatest common factor of 26196 and 204.
12
Calculate the greatest common factor of 3969 and 1326969.
1323
What is the highest common factor of 11119750 and 950?
950
What is the highest common factor of 234604 and 356?
356
Calculate the greatest common factor of 282 and 20829084.
282
What is the greatest common factor of 392 and 4904?
8
Calculate the highest common divisor of 17110821 and 1631.
1631
Calculate the greatest common divisor of 4880 and 443470.
610
What is the greatest common divisor of 108 and 44916?
12
What is the highest common factor of 91 and 1249872?
13
Calculate the highest common divisor of 320 and 2500.
20
Calculate the highest common factor of 736 and 9683.
23
What is the highest common factor of 3798 and 1278?
18
What is the highest common divisor of 120 and 10240?
40
Calculate the greatest common factor of 85094 and 10298.
542
What is the highest common divisor of 99 and 1359?
9
What is the greatest common divisor of 110839 and 13497?
409
What is the highest common factor of 5254 and 54?
2
What is the highest common factor of 23987 and 83?
83
What is the greatest common factor of 90569 and 94?
47
What is the highest common factor of 134 and 43081?
67
Calculate the highest common divisor of 229 and 141751.
229
What is the highest common divisor of 7221 and 4482?
249
Calculate the greatest common factor of 56855 and 7055.
415
What is the highest common factor of 29 and 494247?
29
What is the greatest common factor of 4482400 and 2080?
2080
Calculate the highest common divisor of 7173 and 18.
9
What is the highest common divisor of 6106 and 2556?
142
What is the greatest common factor of 1080843 and 102?
51
What is the highest common factor of 1210 and 46090?
110
What is the highest common divisor of 72670 and 1170?
130
Calculate the greatest common factor of 10208 and 2528.
32
Calculate the highest common factor of 640 and 788384.
32
What is the greatest common divisor of 17427 and 1221?
111
What is the greatest common divisor of 27 and 1093689?
27
What is the highest common factor of 590816 and 3552?
1184
Calculate the greatest common divisor of 5795 and 3895.
95
What is the greatest common divisor of 25949 and 35035?
77
Calculate the greatest common divisor of 624 and 74412.
156
What is the highest common factor of 996 and 6004552?
332
What is the greatest common factor of 1140 and 184395?
285
What is the greatest common factor of 25075 and 155?
5
What is the highest common factor of 5037299 and 437?
437
Calculate the greatest common factor of 32052 and 108.
12
What is the greatest common divisor of 812376 and 27?
27
What is the highest common divisor of 38 and 21413?
19
Calculate the greatest common divisor of 112 and 567056.
112
What is the highest common factor of 1517 and 6109?
41
What is the greatest common factor of 175 and 7735?
35
Calculate the greatest common factor of 351470 and 140.
70
Calculate the greatest common factor of 157 and 20778479.
157
Calculate the greatest common factor of 40 and 6828.
4
What is the highest common divisor of 178278 and 5934?
258
What is the greatest common divisor of 183708 and 28?
28
Calculate the greatest common divisor of 10801725 and 110.
55
Calculate the greatest common factor of 448 and 23072.
224
What is the greatest common factor of 520 and 200?
40
Calculate the greatest common divisor of 9690 and 26610.
30
What is the greatest common divisor of 50836 and 413848?
716
What is the highest common factor of 723095 and 10?
5
Calculate the greatest common divisor of 3792 and 4296.
24
Calculate the highest common factor of 10908 and 7660143.
2727
What is the highest common factor of 58310 and 1530?
170
Calculate the highest common divisor of 36089 and 453.
151
Calculate the greatest common divisor of 1131 and 53940.
87
Calculate the highest common divisor of 1510 and 5830.
10
Calculate the highest common divisor of 183122 and 2698.
38
What is the highest common factor of 1087701 and 3684?
921
Calculate the greatest common divisor of 34092 and 60.
12
Calculate the greatest common divisor of 2532 and 516.
12
Calculate the greatest common divisor of 540 and 14940.
180
What is the highest common divisor of 513 and 1122444?
513
What is the greatest common divisor of 42 and 792897?
21
Calculate the highest common divisor of 1020 and 15385.
85
What is the highest common factor of 92 and 1576?
4
What is the highest common factor of 605 and 704?
11
What is the greatest common factor of 312 and 812?
4
What is the highest common divisor of 8112 and 228?
12
Calculate the highest common divisor of 93516 and 36.
12
What is the highest common factor of 354 and 99297?
177
What is the highest common divisor of 73852 and 2516?
148
What is the highest common divisor of 46551 and 4997?
263
Calculate the greatest common factor of 3401 and 17100.
19
What is the highest common divisor of 456 and 2375608?
152
Calculate the greatest common divisor of 87 and 2660982.
87
Calculate the greatest common divisor of 20 and 591155.
5
What is the greatest common divisor of 48 and 1690476?
12
What is the highest common factor of 18207 and 216?
9
What is the greatest common divisor of 258 and 154542?
258
What is the greatest common divisor of 4585 and 1561?
7
Calculate the greatest common factor of 15972 and 1507.
11
Calculate the highest common factor of 147815 and 1530.
85
Calculate the highest common divisor of 832 and 95056.
208
What is the greatest common factor of 144749 and 55?
11
What is the highest common divisor of 12640 and 500?
20
What is the highest common divisor of 688 and 2322?
86
What is the highest common divisor of 12179 and 304?
19
What is the greatest common divisor of 150059 and 3094?
1547
Calculate the highest common divisor of 63 and 404229.
21
Calculate the highest common divisor of 166459 and 2.
1
What is the greatest common factor of 326 and 62429?
163
What is the highest common factor of 25 and 50345?
5
What is the greatest common divisor of 221340 and 496?
124
What is the greatest common divisor of 331 and 40051?
331
What is the highest common divisor of 140 and 176470?
70
What is the greatest common factor of 438 and 1272?
6
What is the highest common divisor of 8900 and 348?
4
Calculate the greatest common factor of 24 and 208592.
8
Calculate the highest common factor of 648 and 6056.
8
What is the highest common divisor of 138 and 20654?
46
Calculate the greatest common divisor of 25872 and 11616.
528
Calculate the greatest common factor of 76472 and 1452.
484
What is the highest common divisor of 4251 and 11778?
39
What is the highest common divisor of 97507 and 6463?
281
What is the highest common factor of 52070 and 1?
1
What is the greatest common divisor of 9709 and 399?
133
What is the highest common factor of 66 and 2304?
6
Calculate the greatest common factor of 26 and 2453698.
26
Calculate the highest common factor of 48146 and 11970.
266
Calculate the highest common divisor of 627374 and 22.
22
What is the highest common divisor of 3 and 422847?
3
Calculate the greatest common divisor of 8 and 706040.
8
Calculate the greatest common factor of 2843522 and 748.
374
What is the greatest common divisor of 2268 and 1792?
28
What is the greatest common factor of 210 and 1775070?
30
Calculate the greatest common factor of 1360 and 496.
16
Calculate the greatest common factor of 949 and 133517.
73
What is the greatest common factor of 54360 and 43560?
360
What is the highest common divisor of 1334 and 5470067?
667
Calculate the highest common factor of 34 and 149662